+ 18, 0 = -f*x + 7*t - 10*t - 56. Determine h(x).
6
Let c(o) be the first derivative of 3*o**2 + 3*o + 5 + 1/3*o**3. Determine c(-5).
-2
Let a(w) = -w - 13. Let o be a(-18). Suppose q = -o*d + 23, q = -2*d - 2*d + 18. Let f(t) = 6*t - 5 - 4*t**3 + 5*t**3 + 0*t**3 - 6*t**2. Give f(d).
0
Let p(q) be the third derivative of -4*q**4/3 - 95*q**3/2 - 3*q**2 + 4*q - 32. Determine p(-9).
3
Let t(z) = 12*z - 10. Let u(o) = 25*o. Let k(m) = 5*t(m) - 2*u(m). Calculate k(10).
50
Let o(b) = -11*b - 17. Let h be ((-788)/6304)/((-2)/(-48)). Give o(h).
16
Let p = 120 - 94. Suppose p - 8 = 6*b. Let g(l) = -l + 2. Give g(b).
-1
Suppose -p = -2*d - 136, -24*p + 584 = -20*p + 2*d. Let m(c) = p + 5*c - 2*c - 66 - 73. Calculate m(-4).
-7
Let g(a) = -a**3 - 9*a**2 - a + 17. Suppose 18*c = 9*c - 54. Calculate g(c).
-85
Let q(r) = -8*r + 17*r + 4*r**2 - 3 + 0*r - 5*r**2 + 4. Let h(d) = d**3 - d**2 - 4*d + 4. Let s be h(3). Determine q(s).
-9
Let t(f) = -f**3 + 10*f**2 + 4*f - 17. Let o = -11485 + 11495. Give t(o).
23
Let x = -28 - -40. Let h(k) = -k**3 + 11*k**2 + 13*k - 10. Let y be h(x). Let r(f) = 0*f**3 + 36537*f**2 - 36534*f**2 - 1 - f**3. Give r(y).
3
Let f(l) = -l**3 + 18*l**2 - 16*l - 4. Let a = -11203 + 11220. Give f(a).
13
Let h = -8903 - -8904. Let p(f) = 53*f**3 - f**2 - 2*f + 2. Calculate p(h).
52
Let h(r) = r**2 - 7*r + 7. Let a = -593 - -185. Let x = -403 - a. Give h(x).
-3
Let u(h) = 61 + 62 + 82 - 39*h - 205. Determine u(-1).
39
Let u = 6765 - 6759. Let n(a) = -2*a - 1. Determine n(u).
-13
Let b(l) = -63*l + 1384. Let m be b(22). Let v(x) = -16*x - 9. What is v(m)?
23
Let m(l) = l**2 + 78*l + 285. Let x be m(-4). Let d(j) = -j**3 - 12*j**2 - 13*j - 25. Determine d(x).
-3
Let a(r) = 5*r + 7. Let w(i) = -3*i - 5. Let g(q) = -5*a(q) - 7*w(q). Let l(k) = 13*k + 1. Let c(v) = -3*g(v) - l(v). What is c(-7)?
6
Suppose -6*y + 294 = 8*y. Suppose 0 = b - 4*u - y, 4*b - 11*u - 27 = -14*u. Let s(h) = h - 3. Calculate s(b).
6
Let w(g) be the third derivative of 56*g**2 + g**3 - 1/60*g**5 + 1/4*g**4 + 0*g + 0. Suppose -3*l + 20 = 5. Determine w(l).
11
Let z(o) = -3*o**2 - 26*o + 30. Let u(p) = 4*p**2 + 39*p - 45. Let l(t) = 5*u(t) + 7*z(t). Let m be ((-72)/(-42))/((-45)/(-21) - 2). Calculate l(m).
-3
Suppose 41*d - 35*d = -55*d. Let a(f) be the third derivative of -1/3*f**3 + d*f - 1/4*f**4 + 0 + 22*f**2. Give a(-3).
16
Let k be (12/16)/(5 + (-234)/48). Suppose -17*f + 16*f - k = 0. Let i(z) = -z**3 - 5*z**2 + 6*z + 8. What is i(f)?
8
Let v(n) = -10*n**2 + 13*n + 2. Let i(c) = -17*c**2 + 24*c + 3. Let p(o) = -3*i(o) + 5*v(o). What is p(-6)?
79
Suppose 11*a = -139 + 2053. Let u = a + -168. Let p(s) = -s**3 + 6*s**2 + s - 8. Calculate p(u).
-2
Let o(y) = 20*y**2 + 3*y - 344. Let s(p) = 9*p**2 + p - 153. Let j(a) = 4*o(a) - 9*s(a). Let w be -2*1/(-4)*-4. Let g = 3 - w. Give j(g).
-9
Let b be (-1)/17*-17 - 4*2. Let l(k) = -k**2 - 8*k - 12. What is l(b)?
-5
Let z(b) = 57*b + 79. Let c(p) = -47*p - 75. Let k(j) = 4*c(j) + 3*z(j). Calculate k(-4).
5
Let t(i) = -5*i**2 + 19*i + 21. Let r(j) = 2*j**2 - 6*j - 7. Let z(a) = -8*r(a) - 3*t(a). Let s(k) = -k**2 + 8178*k - 138745. Let o be s(17). What is z(o)?
1
Let t(c) = 6*c. Let g(r) = -23*r. Let x(m) = -g(m) - 4*t(m). Let i(h) = -h + 2. Let n be i(-4). What is x(n)?
-6
Let k(o) = o**3 - 36*o**2 - 41*o + 130. Let i be k(37). Let x(j) = -j**2 - 19*j - 18. Let s be x(i). Let l(c) = c - 15. Determine l(s).
-15
Let x be 17 - (-8 - (-15 - 4)). Let b(c) be the first derivative of -c**3/3 - c - 12. What is b(x)?
-37
Let a be (-798)/35 - 8/40 - -6. Let x(l) = -l**3 - 17*l**2 - 3*l - 27. Determine x(a).
24
Let d(u) = -3*u**3 - 4*u**2 + 4*u + 4. Let k be d(-2). Suppose -4*h - 3 - 3 = 5*v, h = -k. Let s(i) = v - 2*i**2 + i**2 + 2*i - 3 + 8*i**2. What is s(1)?
8
Let o(u) = -20*u - 4. Let s(h) = -17*h - 3. Let f(m) = -6*o(m) + 7*s(m). Let k = -17 + 17. Give f(k).
3
Let s = 950 + -946. Let c(d) be the third derivative of -2*d**2 + 0 + 5/6*d**3 + 1/20*d**5 - 1/24*d**4 + 0*d - 1/120*d**6. Calculate c(s).
-15
Let n be (-1)/5*13/((-2808)/90). Let l(u) be the third derivative of 1/120*u**6 - 1/15*u**5 + 0 + 0*u + 2/3*u**3 + 8*u**2 - n*u**4. What is l(4)?
-4
Let s(x) = 5*x + 21. Let f = 322 - 336. Give s(f).
-49
Let y(s) = 1. Let d(t) = -t - 11. Let n = 403 - 406. Let p(q) = n*y(q) + d(q). What is p(-14)?
0
Let n(c) be the second derivative of c**4/6 - 13*c**3/6 + 9*c**2/2 + 16*c. Suppose 49*l + 98 = 392. Give n(l).
3
Let c(i) be the first derivative of 3*i**2/2 - 24*i - 601. Determine c(8).
0
Suppose -m - 402 = 2*m. Let f = m + 141. Let q be -3 - ((-3 - f) + 2). Let p(g) = -2*g + 5. What is p(q)?
-5
Let h(y) be the second derivative of 11*y**5/20 - y**4/6 - y**3/6 + 7*y. Let l be ((-9)/3 + 4)*(-3)/6*2. What is h(l)?
-12
Let q(p) be the second derivative of -p**4/12 + 19*p**3/6 - 7*p**2/2 - 6*p - 343. Calculate q(19).
-7
Let x(w) = w**2 + 6*w - 4. Let d(t) = 39*t + 5. Let i be d(-1). Let a be (-836)/20 + (-4)/(-5). Let f = a - i. Determine x(f).
3
Let l(c) = -50*c**2 + 13*c + 11. Let w(m) = 17*m**2 - m - 1. Let g(k) = l(k) + 3*w(k). Give g(-11).
19
Let v = -382 - -379. Let t(a) = -5*a**3 + 26*a**2 - a - 8. Let o(b) = 2*b**3 - 12*b**2 + 4. Let w(l) = v*t(l) - 7*o(l). Let d = -3 - 2. Give w(d).
6
Let g(q) = -27*q - 1 + 1 + 1. Let f be ((-1)/(-2))/(53/(-11554)). Let w = -110 - f. Determine g(w).
28
Let w(u) = 264 - 31*u - 263 + 22*u. Let a be 28/(-8)*8/7. Give w(a).
37
Let n(i) = -i**3 - 3*i**2 + 2*i - 3. Let c be -192 - -204 - -5*1. Suppose -2*u = 2*u - 52. Let q = u - c. What is n(q)?
5
Let d(m) = -m**3 - 12*m**2 + 12*m - 5. Let p(g) = -14*g + 20. Let j be p(-6). Suppose j = -28*k + 20*k. Calculate d(k).
8
Suppose -29*x + 20*x - 27 = 0. Let t(c) = -3*c - 4. Let o(u) = -12*u - 16. Let b = 54 + -63. Let w(q) = b*t(q) + 2*o(q). Determine w(x).
-5
Suppose 0 = -4*d + 2*c + 2, -3*d - 3*c = -8*d + 1. Let h(b) = -8*b + 11. Determine h(d).
-5
Let d(o) be the third derivative of -3*o**4/8 + 20*o**3 - 2*o**2 + 18. Let i be d(14). Let b(f) = f**2 + 11*f + 9. What is b(i)?
-21
Let x(y) = 3*y**2 + y + 2. Let i(u) = 19*u**2 + 49*u + 17. Let o(z) = i(z) - 5*x(z). Determine o(-11).
7
Let c(g) be the first derivative of g**3/3 + 3*g**2/2 + 11*g + 7097. Calculate c(4).
39
Let f(d) be the second derivative of -14*d + 1/12*d**4 + 0 + d**2 + 1/2*d**3. Let q(w) = -2*w**2 - 7*w - 5. Let i(u) = -7*f(u) - 3*q(u). Calculate i(-3).
-8
Let b = -8997 + 9014. Let x(a) = -11*a + 172. Calculate x(b).
-15
Let s = 3220 - 3224. Let p(d) = -5*d**2 + 3*d. Give p(s).
-92
Let n(b) = -3*b**2 - 60*b + b**2 + 63*b - 3. Suppose -d - 4 = 3*d. Let c be (2 - 2 - d)*2. Calculate n(c).
-5
Let s(c) = -c**2 + 8*c + 2. Let z be s(7). Suppose -h - z = 5*g, 0*g + 2*h = -3*g - 4. Let i be (1 + g)/(0 + (-3)/(-9)). Let a(u) = 9*u + 3. What is a(i)?
-24
Let z(x) = -2*x**2 + 33*x - 23. Suppose 12*j + 16*j - 448 = 0. Let w be z(j). Let o(a) = 9 + 8*a + a**2 + a + 1. Give o(w).
-4
Suppose 3*c - 5 = 2*c. Let m(a) be the third derivative of -a**4/8 + 2*a**3/3 - 2*a**2 - 342*a. Give m(c).
-11
Let p(k) = -3*k - 34. Let b be (125 - 127)*-3*1/2. What is p(b)?
-43
Let x(g) = -14 + 29*g + 22 - 37*g. Calculate x(-10).
88
Let p(a) = -a**3 - 4*a**2 + a - 2. Let y(d) = -d**3 - 4*d**2 + d - 1. Let c(l) = 2*p(l) - 3*y(l). Let b be (6 - (4 + 1))*-4. Give c(b).
3
Let v(f) be the first derivative of 3*f**2/2 - 7*f - 6211. Give v(12).
29
Let u = -1 - 3. Let d(s) = 357*s**3 - 469*s**2 - 80*s + 27. Let n(w) = 13*w**3 - 17*w**2 - 3*w + 1. Let p(c) = 2*d(c) - 55*n(c). Determine p(u).
-5
Let w(q) = q**3 + 13*q**2 + 22*q + 10. Let i(m) = -3*m**3 - 30*m**2 - 29*m - 29. Let a be i(-9). Determine w(a).
10
Let x(o) = -2*o**3 - 3*o**2 + 2*o + 4. Let l be x(-2). Suppose -4 = l*u - 12. Suppose -21 = u*n + n. Let t(k) = k + 1. Give t(n).
-6
Let p(c) = 38*c**2 - 19*c + 5. Let m(n) = -7*n**2 + 2*n - 1. Let t(a) = -5*m(a) - p(a). Determine t(3).
0
Suppose -2*q + y = 30 - 3, 0 = -q - y - 6. Let p(n) = -7*n - 14. Calculate p(q).
63
Suppose -70 + 174 = 4*o. Suppose 4*f = -g - 20, -14 - o = 5*f + 5*g. Let n(p) = -p**3 - 2*p**2 + 9*p + 8. Calculate n(f).
4
Let b(p) = -132*p + 3*p**2 + 10 + 64*p + 72*p. Calculate b(-4).
42
Let r(w) = 14*w - 11. Let k(p) = 8*p + 20. Let o(y) = 3*y + 7. Let a(u) = -4*k(u) + 11*o(u). Let g(i) = -4*a(i) + r(i). G